 15*s + 42. Suppose 0 = -33*l - 100 + 209 - 241. Determine i(l).
-2
Let q(n) = -2*n**3 - 50*n**2 - 49*n - 22. Let d be q(-24). Let w(k) = 4 - 3 + d*k**2 - k + 1 - 3 - 3*k**2. Give w(-1).
-1
Let m(f) be the first derivative of -7*f**2 + 92*f - 2695. What is m(7)?
-6
Let r(x) = 7*x**2 - 85*x + 46. Let h(g) = -3*g**2 + 37*g - 23. Let i(k) = -5*h(k) - 2*r(k). What is i(13)?
-3
Let g(q) be the second derivative of -1/20*q**5 - 1/3*q**4 + 1/3*q**3 + 0*q**2 + 0 - 292*q. Calculate g(-4).
-8
Suppose j = -3*o + 36, 4*o - 16*j + 14*j = 38. Let a(q) be the third derivative of -q**6/120 + q**5/6 + 5*q**4/12 + 7*q**3/2 - 153*q**2. Give a(o).
10
Let z be (55 + -55 + 0 + 1)*-13. Let v(m) = m**2 + 13*m. Calculate v(z).
0
Let f(u) = 12*u - 4. Let m(s) = 17*s - 6. Let o(i) = -4*f(i) + 3*m(i). Give o(-3).
-11
Let y be ((-16)/(-12))/(2/114) + -2. Let l = y - 72. Let a(u) be the first derivative of 2*u**3/3 - u**2 - 2*u - 4. Determine a(l).
2
Suppose 108*d - 188 + 17 = 261. Let b(a) = 3*a + 1. Let k(j) = 16*j + 6. Let v(f) = -22*b(f) + 4*k(f). What is v(d)?
-6
Let i(c) = c**2 - c - 3. Suppose 5*g + 5*x - 365 = 0, x + 2 = -3. Let h = g - 75. Suppose 6*a = 21 - h. Determine i(a).
3
Let o(u) be the third derivative of 1/4*u**4 - 1/60*u**5 - u**2 + 1/6*u**3 + 0*u + 0. Suppose 5*g - 5*x - 15 = 0, 0 = -2*g - 786*x + 785*x + 15. Give o(g).
1
Let f be ((-297)/44*-6)/((-2)/4). Let z = -77 - f. Let q(x) = x**3 - 3*x**2 + x - 2. Determine q(z).
18
Let r(l) = 8*l**2 - 13*l + 6. Let w(y) = 7*y**2 - 12*y + 5. Let t(a) = 6*r(a) - 7*w(a). Let k be 16/(-4) - (-44)/8*-8. Let v = 53 + k. Determine t(v).
6
Let s(j) = -j**2 + 5*j + 11. Let u(i) = 3*i**2 - 15*i - 34. Let n(q) = 7*s(q) + 2*u(q). Suppose -17965 + 17935 = -3*a + 2*v, -a + 36 = -5*v. Calculate n(a).
3
Let b(q) = q**2 - 3*q + 4 + 2*q + 6*q - 3 - 8*q. Determine b(0).
1
Let k(w) = -99*w + 296. Let b be k(3). Let i(y) = 46*y**3 + y**2 - 2*y - 2. Give i(b).
-45
Let d(y) = 6 + 2 + y - 4 + 1. Suppose 3 = -3*i, -i = -b + 3*i + 5. Suppose -2*m = q + b, 2*m - 4*m - 22 = 4*q. Give d(q).
-2
Let d(r) = r**2 - 8*r - 1. Let g be (-4)/(-10) + (12/(-30) - -3). Let m(n) = n**3 - 2*n**g + 125*n**2 - 7 - 119*n**2 + 9*n. Let s be m(7). What is d(s)?
-8
Let x(w) be the first derivative of -w**4/4 - 7*w**3/3 + 4*w + 30. Let v = -1461 + 1454. Give x(v).
4
Let d(y) be the second derivative of -4*y**3/3 - y**2 + 15536*y. What is d(3)?
-26
Suppose 2*x + 3*x - 186 = -26*x. Let j(b) = -2*b**3 + 13*b**2 - 6*b - 9. What is j(x)?
-9
Let l(v) = -4 + 8 + 8*v - v + v**2. Suppose 5*f - 35 = -h, -3*h - 17 = -2*f - 20. Suppose -f*n + 1 - 37 = 0. Calculate l(n).
-2
Let x(v) = -51*v + 91. Let g be x(-3). Let z = g + -237. Let w(j) = 3*j + 7. What is w(z)?
28
Let j(m) be the second derivative of m**3/3 + 11*m**2/2 + 808*m. What is j(2)?
15
Let g(q) = -7*q**2 + 207*q + 217*q - q**3 - 431*q. Determine g(-7).
49
Let c(x) = 5*x - 2*x**2 - 3*x**2 - 2*x - 376 + 387. Determine c(0).
11
Let g be (400/(-48) - -5)*12/8*-1. Let d(s) be the third derivative of -1/6*s**g + 0 + 7/6*s**3 + 0*s - 9*s**2 + 11/24*s**4 - 1/120*s**6. Calculate d(-11).
7
Let i(v) be the first derivative of -5*v**2 - 9*v - 1735. Calculate i(-6).
51
Let c be (-16)/10*50/6*(-15)/20. Let b(a) = 0*a - a**3 + 11*a**2 - 2*a - 2*a - 1 - 3*a. What is b(c)?
29
Suppose 2*r = -0*r - 5*q + 73, 3*r + 5*q = 112. Let t(d) = -74 + 0*d**3 + 38 + r + d**3 - 5*d**2 - d. Give t(4).
-17
Let y be 2/(-13) + 17 + 264/(-143) + -13. Let g(s) = 19*s - 35. Calculate g(y).
3
Let v(m) = 100*m**3 + 2*m**2 + 8*m - 27. Let k(s) = 89*s**3 + 2*s**2 + 7*s - 24. Let j(t) = 9*k(t) - 8*v(t). Suppose -3*l + 2*l = 3. What is j(l)?
-6
Let m(p) = -7 - 3 - 7 + 140630*p**2 - 5 - 15*p - 140632*p**2. Give m(-6).
-4
Let u = 59 + -42. Let o = u + -12. Let h(i) = i**2 - 20*i + 0*i**2 + 18*i. Calculate h(o).
15
Let d be (-1)/(-5) - -30*(-19)/475. Let k(n) = 10*n**2 + 5*n + 4. Give k(d).
9
Let u(w) = -2*w - 19. Suppose l - 1 = a, -a - 11 + 10 = -3*l. What is u(l)?
-19
Let c(a) = a**2 + 25*a + 17. Let h be 2/((-4)/(-2)) + (77 - 103). Determine c(h).
17
Let a be (5/20)/((-2)/(-56)). Suppose a*p - 18 - 3 = 0. Let h(g) = -g**2 - 1. Let r(s) = -2*s**2 - 4*s. Let i(n) = 3*h(n) - r(n). Determine i(p).
0
Suppose -2*r + 4*j + 32 = -0*r, -2*j + 14 = 2*r. Suppose 3*s = -s + 2*m - 6, s + m - 3 = 0. Let p(x) = s*x - r + 9 + 3*x. Give p(5).
14
Let m(x) = -175*x**3 - 152*x**3 + 326*x**3 + 9*x**2 + 13 - 12*x + 12. Give m(8).
-7
Let o(d) = 3*d + 1. Let b = 80 - 81. Let l(y) = 2*y**2 - y. Let k(x) = b*o(x) - 5*l(x). Let j be k(1). Let i(v) = v**3 + 9*v**2 + 2*v + 7. What is i(j)?
-11
Suppose 0 = -3*w - 33 + 24. Let a(p) = -4*p**2 - 5*p + 6. Give a(w).
-15
Let p(n) = -5 - 4*n + 2 + 2 - 3. Let i be -3 + 12/24*4*7/(-14). What is p(i)?
12
Let z be (-43)/(4 + 2 - 7). Suppose 2*i - h = 7*i - z, -3*h + 12 = 2*i. Let d(v) = -v**2 + 9*v + 13. Give d(i).
13
Let d(n) = 10*n**2 - 5*n + 6. Let p = 29724 - 29722. Give d(p).
36
Let u be (3/2)/(3/4). Let b(f) = -5*f + 11. Let r be b(-1). Let t(c) = -3 + 5*c + r - 13*c - 12. Calculate t(u).
-15
Let d(t) = -t**2 - 8*t - 4. Let s be d(-6). Suppose 6*k - s = 4*k. Suppose 0*v + 3*r - 11 = 2*v, -2*v = 4*r + k. Let p(w) = -w - 4. What is p(v)?
0
Let r be (20/(720/(-27)))/((-9)/(-24)). Let c(d) = -24*d - 41. Calculate c(r).
7
Suppose -6*l + 137 + 31 = 0. Let g(w) = w**2 + 2*w - 4. Let f be g(-4). Let o(u) = 26*u - 3*u**2 + 2 - 3 + f - l*u. What is o(2)?
-13
Let a(w) = -w**3 + 20*w**2 - 22*w + 48. Suppose 357*t - 11 = y + 352*t, 0 = 4*y - 5*t - 46. Give a(y).
-9
Suppose 5*b = 4 + 6. Let h(l) = -8*l + 1. Let j(d) = 9*d - 2. Suppose -n + q = 0, 5*q = 22 - 7. Let k(g) = n*h(g) + 2*j(g). Give k(b).
-13
Let d(h) = 6*h + 217. Let t be d(-34). Let n(u) be the second derivative of u**3/3 - 9*u**2 + 6*u. Determine n(t).
8
Let c(g) = 5*g**2 + 5*g + 2. Let h(u) = 681*u**3 - u**2 + 3*u + 4. Let o be h(-1). Let d = o + 678. Calculate c(d).
32
Let f(y) be the third derivative of y**5/60 + y**4/4 + 3*y**3/2 - 1643*y**2. Give f(-8).
25
Let p be 3/(-4)*(-28)/21. Let s(l) = 97*l - 95*l + 4*l**2 + 10*l**2 + p. Let c = 48 - 49. What is s(c)?
13
Let g(u) be the third derivative of -11*u**4/24 + u**3/6 - 4*u**2 + 2*u. Let x(i) = -2*i - 12. Let n be x(-5). What is g(n)?
23
Let v(j) = 2*j**2 - j + 7. Let n(p) = -p**3 - 13*p**2 + 40*p - 29. Let s(x) = -n(x) - 4*v(x). Determine s(-9).
1
Let a be (-1)/(2/1)*-12. Let o(j) = -31*j + j**2 + 20*j + 2*j - 3 + 0 + 4*j. Let h be o(a). Let g(d) = d - 4. Calculate g(h).
-1
Let r be 5*(1 + 9/(-5)). Let u(m) = -m + 1. Suppose -2*n + 6 = 3*n - 2*i, 5*i = -3*n + 16. Let v(j) = 4*j - 3. Let k(f) = n*u(f) + v(f). Calculate k(r).
-9
Let m(i) = -i**3 + 16*i**2 + 12. Let j be m(16). Suppose -4*s = 4 - j. Let n(r) = -6*r - 2 + 17*r + r**s - 13*r. Give n(-3).
13
Suppose -11*j - 11 = -44. Let i(v) = -6*v - 12 + 36*v**2 + v**j - 34*v**2 + 16. Calculate i(-5).
-41
Let u(i) be the second derivative of i**5/20 - 9*i**4/4 - 5*i**3 + 29*i**2 - i + 385. Calculate u(28).
2
Let b(m) = 3*m + 1. Let s(w) be the third derivative of 7*w**4/12 + 11*w**3/3 - 3*w**2 + 1. Let c(f) = 5*b(f) - s(f). Give c(12).
-5
Suppose 0 = -z + 3*p - 12, p + 10 - 16 = 0. Let o(a) = -a**2 - a + 42. Determine o(z).
0
Let v(h) = h**2 - 8*h + 113. Let y(r) = r**2 + r - 27. Let p(u) = -v(u) - 4*y(u). What is p(3)?
-38
Let o(a) be the third derivative of 24*a**2 + 1/24*a**4 - 2/3*a**3 + 0 - 3*a. Calculate o(7).
3
Let d(j) = -4*j - 33. Let m = -4190 + 4175. What is d(m)?
27
Let x(f) = 36*f - 41. Let r(n) = -4*n + 3. Let b(u) = -12*r(u) - x(u). Calculate b(-2).
-19
Let s(n) = -2*n - 14. Let j(q) = 15*q + 85. Let a(h) = 6*j(h) + 35*s(h). Calculate a(-1).
0
Let y(s) = -s**3 + 4*s**2 - 4*s - 2. Let r be 8/((-144)/(-1110)) + 2/6. Suppose 12*u + 14 = r. Calculate y(u).
-18
Let l(m) = -79*m - 24 - 461*m**2 + 24*m + 458*m**2. Determine l(-18).
-6
Let x(h) be the third derivative of h**5/60 + h**4/6 - h**3 - 8*h**2. Suppose -p + 8 - 1 = -f, 2*f + 4*p = 16. Let b be (7 - f)*4/(-18)*3. What is x(b)?
6
Let f(z) = -17*z + 84 + 2*z**2 - 175 - 3*z**2 + 74. Suppose 0 = -2*n - 14 - 18. Determine f(n).
-1
Let b(t) = -328*t + 303. Let v(k) = -47*k + 1. Let r(j) = b(j) - 8*v(j). Give r(-6).
7
Let y(p) = -p + 5*p + 0*p - 8*p - 1. Let h = 4752 + -4756. Calculate y(h).
15
Let a(k) = 201*k + 3825. Le